hat is the greatest common divisor of 17 and 48229?
17
What is the highest common factor of 64 and 584?
8
What is the greatest common divisor of 141 and 23688?
141
Calculate the highest common divisor of 43 and 688.
43
What is the greatest common divisor of 171 and 9?
9
What is the greatest common divisor of 135 and 75?
15
What is the greatest common factor of 1398 and 30?
6
What is the highest common factor of 84016 and 59?
59
Calculate the greatest common factor of 6 and 3423.
3
Calculate the greatest common divisor of 949 and 1679.
73
What is the highest common divisor of 24 and 588?
12
What is the greatest common divisor of 225 and 360?
45
Calculate the greatest common factor of 416 and 64.
32
What is the greatest common divisor of 190 and 250?
10
Calculate the greatest common divisor of 4998 and 204.
102
Calculate the highest common factor of 4598 and 121.
121
What is the greatest common factor of 22 and 517?
11
What is the highest common factor of 36 and 2916?
36
Calculate the greatest common factor of 110 and 410.
10
Calculate the highest common divisor of 18 and 333.
9
Calculate the highest common factor of 10206 and 14.
14
What is the highest common divisor of 7 and 346?
1
What is the greatest common divisor of 265 and 901?
53
Calculate the highest common divisor of 8540 and 490.
70
Calculate the highest common divisor of 1554 and 42.
42
What is the highest common divisor of 17 and 2363?
17
What is the greatest common factor of 25980 and 48?
12
What is the highest common factor of 187 and 33?
11
Calculate the highest common divisor of 1 and 168.
1
What is the highest common divisor of 168 and 875?
7
What is the highest common divisor of 122 and 40992?
122
What is the greatest common divisor of 32 and 44?
4
What is the greatest common factor of 2610 and 406?
58
Calculate the greatest common factor of 9 and 72.
9
What is the greatest common divisor of 110 and 140?
10
Calculate the greatest common factor of 301 and 7.
7
Calculate the highest common factor of 4635 and 18.
9
Calculate the highest common factor of 6 and 372.
6
What is the greatest common factor of 17 and 799?
17
Calculate the highest common divisor of 42 and 6286.
14
Calculate the greatest common divisor of 4277 and 455.
91
What is the highest common factor of 22711 and 39?
13
What is the highest common factor of 102 and 36?
6
What is the greatest common divisor of 7532 and 56?
28
What is the highest common divisor of 11 and 6039?
11
Calculate the greatest common factor of 1769 and 29.
29
Calculate the highest common factor of 176 and 832.
16
What is the greatest common factor of 760 and 960?
40
Calculate the greatest common divisor of 40 and 520.
40
What is the highest common divisor of 24 and 7432?
8
Calculate the highest common factor of 144 and 21744.
144
Calculate the highest common divisor of 1133 and 176.
11
What is the highest common divisor of 16448 and 128?
64
Calculate the highest common factor of 3200 and 50.
50
What is the greatest common factor of 292 and 44?
4
What is the highest common factor of 45 and 3?
3
Calculate the highest common factor of 8 and 472.
8
Calculate the highest common factor of 18462 and 181.
181
Calculate the highest common factor of 36 and 4014.
18
What is the greatest common divisor of 29220 and 40?
20
Calculate the greatest common divisor of 147 and 66.
3
What is the greatest common divisor of 135 and 855?
45
Calculate the greatest common factor of 32 and 200.
8
What is the greatest common divisor of 404 and 909?
101
What is the greatest common factor of 315 and 301?
7
What is the highest common divisor of 406 and 14?
14
What is the greatest common divisor of 3 and 147?
3
Calculate the greatest common factor of 20 and 180.
20
What is the greatest common factor of 1300 and 100?
100
Calculate the highest common divisor of 46 and 529.
23
What is the greatest common factor of 19 and 209?
19
Calculate the highest common divisor of 592 and 1443.
37
What is the highest common divisor of 110 and 5990?
10
Calculate the greatest common factor of 6775 and 100.
25
What is the highest common factor of 60 and 780?
60
What is the highest common divisor of 3999 and 43?
43
What is the greatest common divisor of 689 and 624?
13
Calculate the highest common divisor of 493 and 170.
17
What is the highest common divisor of 18 and 224?
2
Calculate the greatest common factor of 66 and 33.
33
Calculate the highest common factor of 130 and 11570.
130
What is the greatest common factor of 261 and 9?
9
Calculate the greatest common divisor of 1872 and 12.
12
Calculate the highest common divisor of 5978 and 366.
122
Calculate the greatest common factor of 285 and 513.
57
What is the greatest common divisor of 247 and 4617?
19
Calculate the greatest common factor of 1760 and 50.
10
Calculate the greatest common divisor of 112 and 64.
16
What is the highest common divisor of 1421 and 29?
29
Calculate the greatest common factor of 132 and 14.
2
What is the greatest common divisor of 527 and 289?
17
Calculate the greatest common divisor of 595 and 170.
85
What is the highest common factor of 76 and 57?
19
Calculate the greatest common factor of 4 and 40.
4
What is the highest common divisor of 198 and 88?
22
Calculate the greatest common divisor of 4180 and 38.
38
What is the highest common factor of 104 and 2782?
26
What is the greatest common factor of 60 and 40?
20
Calculate the highest common factor of 85 and 221.
17
What is the highest common factor of 17738 and 98?
98
What is the greatest common factor of 365 and 4161?
73
Calculate the greatest common divisor of 156 and 52.
52
Calculate the greatest common divisor of 1372 and 16.
4
What is the highest common divisor of 6 and 2409?
3
What is the highest common divisor of 1078 and 14?
14
What is the highest common factor of 22575 and 129?
129
What is the highest common factor of 33 and 561?
33
What is the highest common factor of 9 and 18?
9
What is the greatest common divisor of 906 and 18?
6
Calculate the highest common factor of 230 and 184.
46
Calculate the greatest common factor of 245 and 14910.
35
What is the highest common divisor of 243 and 27?
27
What is the greatest common factor of 2775 and 75?
75
Calculate the highest common divisor of 4774 and 11.
11
Calculate the highest common factor of 5274 and 9.
9
Calculate the highest common factor of 1034 and 187.
11
What is the greatest common divisor of 13 and 143?
13
Calculate the greatest common divisor of 24 and 444.
12
Calculate the highest common divisor of 89 and 89.
89
Calculate the greatest common divisor of 9828 and 624.
156
What is the greatest common divisor of 17682 and 18?
6
What is the greatest common divisor of 39 and 2301?
39
Calculate the greatest common divisor of 9 and 25.
1
What is the highest common divisor of 115 and 110?
5
Calculate the greatest common divisor of 273 and 117.
39
What is the greatest common divisor of 61 and 57401?
61
Calculate the highest common divisor of 960 and 288.
96
Calculate the highest common divisor of 11 and 2651.
11
Calculate the highest common factor of 4715 and 35.
5
What is the highest common factor of 400 and 3440?
80
Calculate the highest common factor of 358 and 3.
1
Calculate the highest common factor of 40 and 740.
20
What is the greatest common factor of 1025 and 82?
41
What is the highest common factor of 81918 and 41?
41
What is the greatest common factor of 3792 and 4503?
237
What is the highest common factor of 3366 and 117?
9
Calculate the highest common factor of 1820 and 720.
20
What is the highest common factor of 6437 and 246?
41
Calculate the highest common factor of 1378 and 26.
26
What is the greatest common divisor of 120 and 22380?
60
Calculate the highest common factor of 112 and 272.
16
Calculate the greatest common factor of 15 and 14685.
15
Calculate the greatest common factor of 34 and 442.
34
Calculate the highest common factor of 266 and 287.
7
Calculate the highest common divisor of 270 and 72.
18
Calculate the greatest common factor of 86 and 1333.
43
Calculate the highest common factor of 1508 and 52.
52
Calculate the greatest common factor of 377 and 403.
13
Calculate the highest common factor of 208 and 160.
16
Calculate the highest common divisor of 87016 and 298.
29